= -3*z - 0*z - g. Give h(z).
-11
Suppose 5*a - 7 - 3 = 0. Let r(m) = -m**a + 3 - 2*m + 1 + 1. What is r(-5)?
-10
Let z(k) = k**3 + 7*k**2 + 7*k + 5. Let d = 28 + -27. Suppose d - 13 = 2*j. What is z(j)?
-1
Suppose 2*t - 3 - 1 = 0. Suppose -t = -2*u - 0. Let n(y) = 4*y**2 - 2*y - 3*y**2 + 4*y + u. Calculate n(-4).
9
Let x(t) = t**3 - 4*t**2 - 5*t - 1. Let k(q) be the third derivative of -q**6/120 - q**5/30 - 2*q**3/3 + 3*q**2. Let b be k(-3). Calculate x(b).
-1
Let h = 6 + -2. Suppose -3 + h = c. Let u(o) = 1 - 2 - 2*o + 0. Give u(c).
-3
Let l(u) = -u**3 - 3*u**2 - 2*u. Suppose -b - b = 8. Let f(m) = -m + 1. Let n be f(b). Suppose -n*a = 28 - 13. Determine l(a).
6
Let a = -42 - -38. Let i(o) = o**3 + 5*o**2 + 4*o - 3. Calculate i(a).
-3
Let a(r) = -r**2 + 2 + 2*r**2 + 0*r + 5*r + 3 - 6. Let x(w) = w - 9. Let p be x(5). Give a(p).
-5
Let v(k) = 7*k + 5. Let a(w) = 20*w + 14. Let q(o) = -5*a(o) + 14*v(o). Let s be 455/78 + (-1)/(-6). Suppose s*d = 2*d + 4. Calculate q(d).
-2
Let g(i) = i + 3. Suppose 5*u + 35 = -0*u. Determine g(u).
-4
Let m(x) be the first derivative of x**4/12 - 3*x**2 - 5*x - 9. Let s(b) be the first derivative of m(b). Determine s(0).
-6
Let n(v) = 5*v**3 + v**2. Suppose -4 = 2*q + 4. Let g = q - -2. Let b = -3 - g. Determine n(b).
-4
Suppose -4*x = 4*a - 16, 2*a + 1 + 1 = 3*x. Let w(p) = 2*p - 1. Let i be w(x). Let c(z) = -2*z**3 + z**2 + i*z - 3*z**3 - 2 + 4*z**3. Determine c(2).
0
Let f be (-4)/(2 - 56/26). Let d = -22 + f. Let s(l) be the third derivative of l**5/60 - l**4/12 - l**3/6 - l**2. Determine s(d).
7
Let k(a) be the third derivative of -a**6/120 - a**5/30 - a**4/12 + a**3/6 + 15*a**2. Calculate k(2).
-19
Let f(l) = -l + 6. Let g(o) = -2*o**3 - 3*o - 2. Let t be g(-1). Give f(t).
3
Let l(c) be the first derivative of -c**6/40 + c**4/12 - c**3/6 + 5*c**2/2 + 5. Let r(j) be the second derivative of l(j). Let m = 3 - 2. Calculate r(m).
-2
Let r(h) be the second derivative of h**4/12 + 2*h**3/3 + h**2/2 + h. Let i(w) be the first derivative of r(w). Suppose -8 - 12 = 4*m. What is i(m)?
-6
Let a(g) = -3*g**2 - g - 2. Let z = 55 - 57. Determine a(z).
-12
Let j = -19 - -23. Let p(f) = f**2 - 5*f. Determine p(j).
-4
Let v(f) = 2*f - 5 - f + 12. What is v(-3)?
4
Let v(n) be the first derivative of 5*n**3/3 - n**2 - n + 2. Calculate v(-1).
6
Suppose 0*h = 9*h + 18. Let i(n) = -2*n**2 - 3*n - 2. Give i(h).
-4
Let v = 7 - 4. Let o(i) = 1 + 4*i**2 + 1 - 4*i**3 - v*i + 2*i**3. Determine o(2).
-4
Let l(o) = 5*o**2 + 4*o - 4. Let w = 1 + 8. Let n(x) = 11*x**2 + 8*x - 7. Let i(y) = w*l(y) - 4*n(y). Determine i(-6).
4
Let r(d) = 3*d**3 + 6*d**2 - 7*d - 17. Let m(t) = 4*t**3 + 5*t**2 - 7*t - 18. Let x(g) = 4*m(g) - 5*r(g). Let y be x(9). Let n(v) = -2*v - 1. Calculate n(y).
9
Let i(c) be the first derivative of -c**5/20 - c**4/12 + c**3/6 + c**2/2 - 4*c - 6. Let m(h) be the first derivative of i(h). Give m(0).
1
Let k(d) = 2 + 2*d**2 + 4 - 3 + 3*d. Let n = -11 - -9. Determine k(n).
5
Suppose -4*l - 5*p = -p - 28, -2*l + 18 = 4*p. Let s(v) be the third derivative of -1/60*v**l + 1/24*v**4 + 0*v + 0 - 5/6*v**3 + v**2 + 1/120*v**6. Give s(0).
-5
Let t be (-2)/1 + 7 + -2. Let a(y) be the first derivative of y**4/4 - 2*y**3/3 - y**2/2 - y + 25. Calculate a(t).
5
Let t(z) = -z - 6. Suppose a + 3 - 7 = 0. Suppose -4*r + 4*y + 1 + 3 = 0, a*r = 3*y + 8. Let f(g) = -g + 2. Let x be f(r). Determine t(x).
-3
Suppose -5*g = 4*v - 10, -3*v + 4 = 2*g + v. Let a(p) = -p**3 + p**2 + 2*p - 1. Determine a(g).
-1
Let x(q) = q**3 + 3*q**2 - 2*q - 1. Let g(k) = -k - 17. Let f be g(-13). Calculate x(f).
-9
Let y = 1 + 2. Suppose -y*f = 4*b - 18, f + 2*b = 3 + 5. Let w(p) = -1 - 3*p**2 + 3*p + 0*p - f*p + p**3. Give w(3).
2
Let v(g) = g**3 + 5*g**2 + 5*g + 5. Let u be 27/(-6) - 2/(-4). Determine v(u).
1
Let x(r) be the second derivative of r**3/2 - 5*r**2 + r + 1. Give x(8).
14
Let q(l) = -l + 7. Let h = 51 - 45. Determine q(h).
1
Let a(z) = -4*z**2 + z + 1. Suppose 0 = 4*r - 0*s + 4*s - 12, 5*r + s = -1. Give a(r).
-4
Let c be (7/(-14))/(1/(-16)). Let q be (12/c - 1)*-2. Let y(k) = 2*k**3 + 4*k**2 + k. Let z(h) = -h**2. Let m(x) = -y(x) - 4*z(x). Determine m(q).
3
Let f(b) = -14 - 5*b + 19 + 4*b. Calculate f(0).
5
Let t(c) be the second derivative of -c**4/12 + c**3 - 3*c**2/2 + 2*c. Suppose -z = 4*y + 17, 4*z - 26 - 1 = 3*y. Calculate t(z).
6
Let l(z) = -7*z - 6. Let q(k) = 15*k + 12. Let g(h) = 13*l(h) + 6*q(h). What is g(0)?
-6
Let r(p) = 0*p - 5*p - 4 + 3*p. Let j be -1 - (1 + 2) - -6. Suppose 5*f + j + 13 = 0. Give r(f).
2
Let v(s) be the second derivative of 0*s**2 - 1/40*s**5 - 1/12*s**4 + 2*s + 1/2*s**3 + 0. Let q(w) be the second derivative of v(w). Give q(2).
-8
Let u be (-6)/4*4/(-6). Let h(f) = 4*f**3 - 1. Calculate h(u).
3
Let a(o) = o**3 - o + o**2 + 3 + 5*o - 2 + 4*o**2. Let i(j) = -j**3 + 5*j**2 + 5*j + 8. Let l be i(6). Let u = -6 + l. Calculate a(u).
1
Let x(b) = b**2 - 2*b - 1. Suppose -2 = -2*a + 16. Suppose -a*q = -4*q - 15. Give x(q).
2
Let c be (1 + -2)/(1/(-2)). Let h(i) = i**3 + 2 - 5*i**2 - c*i**3 + i**2. Let l = -10 + 7. What is h(l)?
-7
Let r(f) = 25 + 7 + f - 23. Suppose 0*v = v + 7. Give r(v).
2
Let g = 8 + -6. Let s(c) = 0 - 3*c**2 - 5*c + 1 + 2*c**g. Suppose -6*p = -5 + 29. Give s(p).
5
Let z(f) = -4*f**2 + 3*f**2 + 0 + f - 2 + 7. Let u = -12 - -16. Give z(u).
-7
Let p(b) = 203*b**3 - 1 - 204*b**3 + 0 - 5. Calculate p(0).
-6
Let l be 4*(4 + 45/(-12)). Suppose 3*s + 6 = 6*s. Let i(k) = -2*k**2 + k**2 - 4*k**s. Give i(l).
-5
Let w(q) = 3*q + 5. Let a(p) = 6*p + 11. Let l(h) = 6*a(h) - 13*w(h). Let u(s) = s**3 + 16*s - 6. Let b(y) = -11*l(y) - 2*u(y). Give b(2).
-13
Let r(c) = -c**2 + 3*c + 4. Suppose 3*d + 2*o + 3*o = -16, 4*o - 76 = 5*d. Let b be (-1)/(3 + 39/d). What is r(b)?
0
Let i(z) be the second derivative of 4/5*z**5 + 0 - 1/2*z**2 - 1/3*z**3 + 0*z**4 + 9*z. Give i(-1).
-15
Let s(y) be the second derivative of -7*y + 0 + 2/3*y**3 - 3/2*y**2. Give s(2).
5
Let c(v) = v**2 - 1. Let w be c(2). Suppose -8 = -w*p + 1. Suppose 0 = -o - 2*u, -o - 4*o = -p*u - 13. Let x(q) = -q**3 + 2*q**2 + 2*q - 2. What is x(o)?
2
Let f(v) = -2*v**3 - 3*v**2 + 1. Let r be f(-2). Let o(a) be the first derivative of a**2/2 + a + 1. Determine o(r).
6
Let g be 4*(-1)/(1 + 1). Let r(h) = 2*h**3 + h**2 - 2*h + 1. Determine r(g).
-7
Let j(z) = 2*z. Suppose -3 = 5*p + 2*x, 2*p + 2 = -3*p - 3*x. Give j(p).
-2
Suppose -10 = 25*p - 27*p. Let k(z) = z**2 - 6*z - 1. Determine k(p).
-6
Let v(h) = -h. Let m(f) be the first derivative of f**2/2 + 4*f - 1. Let z(o) = -m(o) - 2*v(o). Calculate z(5).
1
Suppose -2*m = 5 - 7. Let s = -1 - -3. Let o(k) = 2*k**s - 2*k + 0*k + 2 + 4*k**3 - 1. Give o(m).
5
Let w(p) be the third derivative of 9*p**2 + 0*p + 0 + 1/2*p**3 + 1/6*p**4. Suppose 0 = -c - c - 4. Give w(c).
-5
Let x(s) = -s**2 - 3*s. Let i be ((-4)/(-8))/((-3)/30). Determine x(i).
-10
Let m(r) = -r**2 + 4*r - 10. Let f(u) = -u + 1. Let k(d) = -4*f(d) - m(d). Let v be 2 - (-2)/(-2) - 1. Determine k(v).
6
Suppose 0 = 5*h + 6 - 26. Let p(w) = -w**2 + 4*w - 6. Give p(h).
-6
Let o(i) = -i**2 - 5*i + 4. Let a be o(-5). Suppose 0 = -p + 5*h - 8, a*h + 0*h - 10 = -p. Let w(l) = -l + 4. Determine w(p).
2
Let w(j) be the second derivative of j**5/20 + 2*j**4/3 - 5*j**3/3 - 3*j**2/2 - 4*j. Determine w(-9).
6
Let m(j) = -j**2 + j + 5. Let a(z) = z. Suppose 2 = -2*o + 4. Let u(f) = o*m(f) + 3*a(f). Calculate u(4).
5
Let w(g) = g + 5. Let a be w(-5). Let f(v) = v + 7. Calculate f(a).
7
Let i(w) be the third derivative of -w**4/24 + w**3/6 - w**2. Give i(3).
-2
Let u(i) = -i**3 - 5*i**2 - 4*i + 2. Suppose -2*z - 3*w - 7 = 4, 5*z - 3*w + 17 = 0. Let c be u(z). Let j(q) = -q + 5*q + 2 - 3 + q - q**c. What is j(2)?
5
Let d(s) = -s + 3. Let k be (-24)/(-11) - 8/44. Let f = 1 - k. Let j be -3*(-2 + (-3)/f). What is d(j)?
6
Let m(o) be the third derivative of -o**5/60 - 5*o**4/24 + 8*o**2. Determine m(-4).
4
Let v(l) = 0*l**2 - 5*l + 4*l - 3*l**2. Calculate v(-1).
-2
Let g(z) = -z - 7 + 12 - 7. Give g(3).
-5
Suppose 92 - 29 = -9*u. Let j(g) = g - 9. Give j(u).
-16
Let j(x) be the first derivative of x**4/8 + x**3/3 + 5*x**2/2 - 4. Let n(t) be the second derivative of j(t). Determine n(3).
11
Let c(r) be the second derivative of r**4/12 + r**3/6 + 7*r**2/2 + 6*r. What is c(